{"id":184,"date":"2021-06-06T21:40:21","date_gmt":"2021-06-06T19:40:21","guid":{"rendered":"https:\/\/martha-kreativ-manufaktur.de\/?page_id=184"},"modified":"2021-06-06T21:40:21","modified_gmt":"2021-06-06T19:40:21","slug":"impressum","status":"publish","type":"page","link":"https:\/\/martha-kreativ-manufaktur.de\/index.php\/impressum\/","title":{"rendered":"Impressum"},"content":{"rendered":"\n<p>Martha Kreativ Manufaktur<br>Veilchenweg 16<br>17033 Neubrandenburg<\/p>\n\n\n\n<p><strong>Vertreten durch:<\/strong><br>Katja H\u00fcbner<\/p>\n\n\n\n<p><strong>Kontakt:<\/strong><br>Telefon: 0178-4015564<br>E-Mail:&nbsp;katja@martha-kreativ-manufaktur.de<\/p>\n\n\n\n<p><br><strong>Haftungsausschluss:<\/strong><br>Trotz sorgf\u00e4ltiger inhaltlicher Kontrolle \u00fcbernehmen wie keine Haftung f\u00fcr die Inhalte externer Links. F\u00fcr den Inhalt der verlinkten Seiten sind ausschlie\u00dflich deren Betreiber verantwortlich.<\/p>\n\n\n\n<p><strong><em>Die Inhalte dieser Homepage d\u00fcrfen nur mit Erlaubnis weiterverwendet werden!<\/em><\/strong><\/p>\n\n\n\n<p><\/p>\n","protected":false},"excerpt":{"rendered":"<p>Martha Kreativ ManufakturVeilchenweg 1617033 Neubrandenburg Vertreten durch:Katja H\u00fcbner Kontakt:Telefon: 0178-4015564E-Mail:&nbsp;katja@martha-kreativ-manufaktur.de Haftungsausschluss:Trotz sorgf\u00e4ltiger inhaltlicher Kontrolle \u00fcbernehmen wie keine Haftung f\u00fcr die Inhalte externer Links. F\u00fcr den &hellip; <\/p>\n","protected":false},"author":1,"featured_media":0,"parent":0,"menu_order":0,"comment_status":"closed","ping_status":"closed","template":"","meta":{"footnotes":""},"class_list":["post-184","page","type-page","status-publish","hentry"],"_links":{"self":[{"href":"https:\/\/martha-kreativ-manufaktur.de\/index.php\/wp-json\/wp\/v2\/pages\/184"}],"collection":[{"href":"https:\/\/martha-kreativ-manufaktur.de\/index.php\/wp-json\/wp\/v2\/pages"}],"about":[{"href":"https:\/\/martha-kreativ-manufaktur.de\/index.php\/wp-json\/wp\/v2\/types\/page"}],"author":[{"embeddable":true,"href":"https:\/\/martha-kreativ-manufaktur.de\/index.php\/wp-json\/wp\/v2\/users\/1"}],"replies":[{"embeddable":true,"href":"https:\/\/martha-kreativ-manufaktur.de\/index.php\/wp-json\/wp\/v2\/comments?post=184"}],"version-history":[{"count":2,"href":"https:\/\/martha-kreativ-manufaktur.de\/index.php\/wp-json\/wp\/v2\/pages\/184\/revisions"}],"predecessor-version":[{"id":186,"href":"https:\/\/martha-kreativ-manufaktur.de\/index.php\/wp-json\/wp\/v2\/pages\/184\/revisions\/186"}],"wp:attachment":[{"href":"https:\/\/martha-kreativ-manufaktur.de\/index.php\/wp-json\/wp\/v2\/media?parent=184"}],"curies":[{"name":"wp","href":"https:\/\/api.w.org\/{rel}","templated":true}]}}